vative of -d**6/60 + d**5/10 - d**4/12 + 2*d**3/3 - 2*d**2 + 16*d. Calculate the remainder when (1032/30)/(4/10) is divided by t(2).
6
Let l = 62 - 27. Suppose -33*d - 1344 = -l*d. Suppose -g - 3*k + 474 = 2*g, -4*k - d = -4*g. Calculate the remainder when g is divided by 33.
31
Let k be -2 + 4/((-28)/959). Let j = k - -153. Calculate the remainder when 34 is divided by j.
6
Let o(g) = -134*g + 3443. What is the remainder when o(21) is divided by 226?
177
Suppose -5*z = -2*x - 49, 5*z - 1 = 6*z - 4*x. Suppose -3*y = -3*k - 114, -z*y - 4*k = -10*y - 13. Calculate the remainder when 285 is divided by y.
21
Suppose 20 = 2*y + 5*p - 19, 3*y = -2*p + 42. What is the remainder when 11996 is divided by y?
8
Suppose 35 = 5*b - 3*z, z + 11 + 2 = 2*b. Suppose -b*v = v + 325. Let o = v + 85. What is the remainder when o is divided by 6?
2
Calculate the remainder when 97 is divided by 10/6*(1/3 + 510/90).
7
Suppose 7*o + 0*o = 560. Let c = -87 + o. Calculate the remainder when 45 + 4 - (c + 0 + 3) is divided by 7.
4
Let p be (0 + -13)*(-1 + (-22)/(-1)). Let r be -1 - 1 - p/((-1)/1). Let q = r - -504. What is the remainder when q is divided by 46?
45
Let h = 26 + -18. Let x(t) = -426*t**3 - 7*t**2 + 214*t**3 - 9 + 211*t**3 - 4*t. What is the remainder when x(-7) is divided by h?
3
Let y(x) = x**2 + 96*x - 2589. What is the remainder when 5473 is divided by y(23)?
145
Let t(i) = -9*i**2 + 14*i. Let y = 9 + -22. Let d(r) = 4*r**2 - 7*r. Let p(z) = y*d(z) - 6*t(z). Calculate the remainder when p(-6) is divided by 11.
8
Let u(q) = 5*q - 5. Let y be u(5). Suppose 0 = y*c - 16*c. Suppose -4*j + 33 + 99 = c. What is the remainder when j is divided by 12?
9
Suppose -2*f + 5*p = -248, -5*p + 36 - 552 = -4*f. Suppose -3*c - m + f = 0, -c + 2*m = 2*c - 128. Calculate the remainder when c*((-3)/1 + 4) is divided by 17.
10
Suppose -375*z - 94*z = -120*z - 1047. Calculate the remainder when 636 is divided by z.
0
Let o(h) = 52*h + 239. Suppose -99 = 26*r + 7*r. Calculate the remainder when o(r) is divided by (-2 + -8)*6/(-5).
11
Suppose -6*x + 2*x + 11 = w, 4*w = -2*x - 12. What is the remainder when 5 is divided by -4 + (1 - (-6 + (x - 5)))?
1
Let b(j) = -25*j**2 - 4. Let d be b(3). Let a = d + 406. Calculate the remainder when a is divided by (-3)/(-10) - (-27027)/910.
27
Let i = 6 + -1. Let m(r) = -r**3 + 6*r**2 + 3*r + 2. Suppose -15*q = -16*q + 2*j + 1, -2*q = 2*j - 32. Calculate the remainder when m(i) is divided by q.
9
Let p(w) = w**2 - 17*w + 45. Let q be p(16). Suppose q = 3*g + 2*a, -a - 18 = -g - 0*a. What is the remainder when 272 is divided by g?
12
Suppose 0 = -193*a + 189*a - 3*c + 25236, 40 = -5*c. Calculate the remainder when a is divided by 16.
11
Let z = -481 - -674. What is the remainder when z is divided by 9/((-140)/(-25) - (-5)/(-1))?
13
Let q be 2/(1/((-6)/(-4))). Suppose 59 - 65 = -2*t. Suppose t*w = -q*w + 96. What is the remainder when 62 is divided by w?
14
Suppose -4*u = 3*w - 182, 6*u - 3*w = -3*u + 351. What is the remainder when 860 is divided by u?
40
Suppose -s = -13 - 4. Let l = 29233 + -29202. What is the remainder when l is divided by s?
14
Let g be (-1 - 6)/((-2)/(-4 - -6)). Suppose 0 = -8*c + g*c + 14. Suppose c*m + 2*m = 208. What is the remainder when m is divided by 8?
5
Suppose -2*z - 4*j + 26 = 0, -4*z + 11 = -j + 4. Suppose -c - 4*c = z*g - 47, -2*c + 8 = 0. What is the remainder when 313 is divided by g?
7
Let x = 481 + -446. Calculate the remainder when 65 is divided by x.
30
Suppose 148*h - 145*h = v + 364, 3*h - 5*v = 368. What is the remainder when 199 is divided by h?
78
Let t(l) be the second derivative of 4*l**3 - 85*l**2 - 2*l - 14. Calculate the remainder when 107 is divided by t(8).
19
Suppose 0 = -2*j + 6*j - 5*k - 1050, 254 = j + 3*k. Suppose -17*y - j = -27*y. What is the remainder when 112 is divided by y?
8
Let p be 8/6*(-4 - -10). Suppose -p*k - 18 = -11*k. Calculate the remainder when 61 is divided by (16/k - 2)/(8/396).
28
Let b = -62 - 16. Let m = -76 - b. What is the remainder when 105 is divided by (18/(m + -6 + 3))/(-2)?
6
Calculate the remainder when -2*(-9)/(-10) + 30156/420 is divided by 6.
4
Let i be 6180/52 + (-2)/(-13). Let o = 135 - i. Suppose 0 = u - 3*s - 44, 6*u - 3*u - 132 = -3*s. Calculate the remainder when u is divided by o.
12
Suppose -3*q = -568 - 1316. Let j = -459 + q. What is the remainder when j is divided by (-3)/2*(-68)/3?
33
Let u = -21866 - -24548. What is the remainder when 5364 is divided by u?
0
Let y(v) = -v**3 - 26*v**2 - 24*v + 28. Let s(p) = p**2 + 7*p - 19. Let l be s(-6). What is the remainder when 123 is divided by y(l)?
0
Let y(d) = 2*d - 6*d + 3*d**2 - d - d + 13. Let t be y(6). Suppose 5*o - t = -5*k, -4*o + 4*k + 40 = k. What is the remainder when 49 is divided by o?
10
Let x(o) = -300*o - 768. Calculate the remainder when 640 is divided by x(-3).
112
Let n be (4*2)/((-8)/(-12)). Let u be 78 + (-8)/n*6. Suppose 2*l = 238 - u. Calculate the remainder when l is divided by 14.
12
Suppose 0*w - 7*w = -315. Let l = 76 - w. Let p = 12 + l. Calculate the remainder when p is divided by 17.
9
Let a = -17 + 13. Let r = 163 - 109. Calculate the remainder when r is divided by (-130)/(-20) - 2/a.
5
Suppose 8*y = 4*y + 4*o - 344, -o = 0. Let z = y + 91. Suppose 0 = 4*v + 7 - 79. Calculate the remainder when v is divided by z.
3
Let v(g) = -107*g + 841. What is the remainder when v(-51) is divided by 180?
178
Suppose 0 = m - 5*r + 16, 5*m + 109 = -0*r - 4*r. Let d = m - -47. Suppose 0 = f - 114 + 37. What is the remainder when f is divided by d?
25
Let b(k) = -k**3 - 23*k**2 + 68*k + 488. Calculate the remainder when 527 is divided by b(-25).
33
Suppose -201*t + 350602 = -43*t. What is the remainder when t is divided by 74?
73
Suppose -7*u + 711 - 669 = 0. Let p(k) = 34*k - 6. What is the remainder when p(u) is divided by 52?
42
Suppose 0 = -2*l + m + 160, 28*m = 4*l + 29*m - 308. What is the remainder when l is divided by 55?
23
Suppose -2*d - d = 4*r - 40, -5*r + 3*d = -50. Suppose 5*j + j - 66 = 0. Suppose -1 - j = -3*t, 4*c = -4*t + 80. What is the remainder when c is divided by r?
6
Let t be -6*594/(-21) - (-2)/7. Suppose -54 - t = -16*z. Calculate the remainder when 12/(-42) - (-3252)/z is divided by 18.
16
Suppose 2*b - 220 = -3*b. Suppose -2*a + 12 = v, 5 - 12 = 4*v - 3*a. Calculate the remainder when b is divided by 753/33 - v/(-11).
21
Suppose -2*k + 3*k = 4*h - 83, 0 = 3*h - 2*k - 66. Let b = -23 - -81. What is the remainder when b is divided by h?
18
Let c = 42 - -2. Suppose g - c = -o, 1 = 3*o - 14. Calculate the remainder when 111 is divided by g.
33
Let i be (-3)/((-7)/(42/18)) - -125. Suppose p + i = 393. What is the remainder when p is divided by 18?
15
Let j be 10 + (-14 - -6) - -4. Suppose -4*a + 892 = -0*a. What is the remainder when a is divided by (-45*(-11)/275)/(j/190)?
52
Let y(c) = -4*c**2 - 46*c - 10. Let w be y(-11). Let j(p) = 17 + w*p + 9*p - p - p**2 - p. What is the remainder when 237 is divided by j(19)?
16
Suppose 6*p + 5*a - 94 = 10*p, 2*p = a - 50. Calculate the remainder when 15/(-6) - 14963/p is divided by 7.
6
Suppose -4*o - 3*f = -3 + 31, 3*o = 4*f + 4. What is the remainder when o + (-854)/(-8) + 4/16 is divided by 29?
16
Suppose 96*z - 3 = 93*z. Let o = 5 - z. Suppose 0 = -c + o + 59. What is the remainder when c is divided by 22?
19
Suppose 562 = 2*a - 2*s, -a - 2*a + 4*s = -846. Suppose 4*c - 398 = 17*f, -4*c - 17*f + 248 = -19*f. Calculate the remainder when a is divided by c.
50
Let t = 2 - -3. Suppose 4*a = 33 - t. Calculate the remainder when (-4)/12*-1*99 is divided by a.
5
Suppose 29*q - 31*q - 32 = 0. Let t = q + 18. Suppose f = 5*g + 24, f - t*g + 228 = 6*f. Calculate the remainder when 127 is divided by f.
39
Let z(i) = -i**2 - 14*i + 19. Let c be z(8). Let r = c - -216. What is the remainder when r is divided by 34?
25
Let f(u) = 56 - 5*u - 3 + 8*u. Calculate the remainder when 80 is divided by f(-14).
3
Suppose 0 = 4*l + 2*a - 156, 0 = -5*l + l + 3*a + 166. Let t = 643 + -570. Calculate the remainder when t is divided by l.
33
Let l(s) = s**3 + 14*s**2 + 7*s - 22. Let y be l(-14). Let n = y - -127. Calculate the remainder when 173 is divided by n.
5
Let x(k) = -341*k - 881. What is the remainder when x(-4) is divided by 